git of 4842646686?
6
What is the billions digit of 1755521076?
1
What is the units digit of 85479181?
1
What is the tens digit of 4340294615?
1
What is the thousands digit of 66371932?
1
What is the hundreds digit of 83452745?
7
What is the tens digit of 624046026?
2
What is the thousands digit of 464897832?
7
What is the units digit of 49763959?
9
What is the units digit of 120273238?
8
What is the hundreds digit of 113493398?
3
What is the millions digit of 1111645448?
1
What is the ten thousands digit of 767749504?
4
What is the hundreds digit of 2191564950?
9
What is the tens digit of 956738463?
6
What is the ten thousands digit of 51783382?
8
What is the hundred millions digit of 1265378831?
2
What is the hundred millions digit of 2998701626?
9
What is the thousands digit of 2454984634?
4
What is the ten millions digit of 467296776?
6
What is the hundred thousands digit of 31395767?
3
What is the hundreds digit of 2386253387?
3
What is the tens digit of 37893139?
3
What is the millions digit of 200588291?
0
What is the units digit of 56793801?
1
What is the ten thousands digit of 103873972?
7
What is the hundred thousands digit of 1855735?
8
What is the hundreds digit of 629511782?
7
What is the tens digit of 26939747?
4
What is the thousands digit of 485693120?
3
What is the units digit of 45738389?
9
What is the tens digit of 242827744?
4
What is the thousands digit of 235024905?
4
What is the millions digit of 9086797139?
6
What is the tens digit of 32892509?
0
What is the units digit of 141153268?
8
What is the billions digit of 2031524198?
2
What is the millions digit of 328675523?
8
What is the ten millions digit of 79709219?
7
What is the units digit of 5262860?
0
What is the hundreds digit of 722191093?
0
What is the thousands digit of 91662213?
2
What is the thousands digit of 502671746?
1
What is the ten thousands digit of 757788823?
8
What is the ten thousands digit of 2667361617?
6
What is the hundred thousands digit of 585946821?
9
What is the tens digit of 5459454535?
3
What is the thousands digit of 803862916?
2
What is the thousands digit of 82310287?
0
What is the hundred millions digit of 1045898847?
0
What is the hundred millions digit of 182315187?
1
What is the ten millions digit of 496276822?
9
What is the millions digit of 32082623?
2
What is the millions digit of 1080425203?
0
What is the units digit of 7025303?
3
What is the thousands digit of 1427396791?
6
What is the hundred thousands digit of 2849050670?
0
What is the ten millions digit of 36456623?
3
What is the hundred millions digit of 442489347?
4
What is the hundred thousands digit of 980389271?
3
What is the ten thousands digit of 377807096?
0
What is the millions digit of 298697303?
8
What is the hundreds digit of 65656192?
1
What is the units digit of 2572430519?
9
What is the hundred millions digit of 1728945308?
7
What is the ten millions digit of 69582996?
6
What is the ten millions digit of 43659290?
4
What is the ten millions digit of 221650147?
2
What is the millions digit of 214340539?
4
What is the millions digit of 2943197803?
3
What is the billions digit of 1308751915?
1
What is the units digit of 33586676?
6
What is the hundreds digit of 1685534391?
3
What is the tens digit of 76934340?
4
What is the ten millions digit of 2046722273?
4
What is the hundred millions digit of 256808727?
2
What is the hundreds digit of 54880619?
6
What is the hundred millions digit of 144840008?
1
What is the ten millions digit of 5244681910?
4
What is the thousands digit of 4559023520?
3
What is the ten millions digit of 33805105?
3
What is the ten thousands digit of 543705803?
0
What is the tens digit of 474023591?
9
What is the ten thousands digit of 272070038?
7
What is the thousands digit of 85186857?
6
What is the millions digit of 32903308?
2
What is the units digit of 705890964?
4
What is the tens digit of 904495474?
7
What is the hundreds digit of 42017756?
7
What is the thousands digit of 2961682375?
2
What is the hundreds digit of 9749560?
5
What is the tens digit of 46597119?
1
What is the thousands digit of 93001478?
1
What is the tens digit of 5849324978?
7
What is the thousands digit of 913100620?
0
What is the millions digit of 59515178?
9
What is the units digit of 410321867?
7
What is the ten millions digit of 140158734?
4
What is the ten millions digit of 3875796562?
7
What is the ten millions digit of 53381004?
5
What is the ten thousands digit of 2346383593?
8
What is the ten thousands digit of 153753675?
5
What is the hundred millions digit of 618323955?
6
What is the millions digit of 2304728343?
4
What is the thousands digit of 914177345?
7
What is the hundred thousands digit of 2121548172?
5
What is the tens digit of 1920504292?
9
What is the tens digit of 102910111?
1
What is the hundred millions digit of 241252909?
2
What is the thousands digit of 381278475?
8
What is the ten millions digit of 4283325209?
8
What is the tens digit of 1869370982?
8
What is the millions digit of 4186302986?
6
What is the ten thousands digit of 3272068022?
6
What is the ten millions digit of 363452679?
6
What is the hundreds digit of 87789752?
7
What is the hundred thousands digit of 2145487727?
4
What is the tens digit of 213945539?
3
What is the units digit of 37366468?
8
What is the hundreds digit of 140127866?
8
What is the ten millions digit of 96843874?
9
What is the millions digit of 176605880?
6
What is the hundred thousands digit of 2104455426?
4
What is the ten thousands digit of 451776517?
7
What is the ten millions digit of 843267928?
4
What is the units digit of 282067078?
8
What is the ten thousands digit of 34476639?
7
What is the ten thousands digit of 55227462?
2
What is the units digit of 83780012?
2
What is the tens digit of 46070957?
5
What is the ten thousands digit of 316255203?
5
What is the thousands digit of 55880650?
0
What is the tens digit of 203701934?
3
What is the ten millions digit of 425188053?
2
What is the millions digit of 2210195478?
0
What is the ten millions digit of 44572476?
4
What is the units digit of 2977509494?
4
What is the units digit of 119933800?
0
What is the hundreds digit of 4067371?
3
What is the billions digit of 4301422366?
4
What is the units digit of 4037397024?
4
What is the hundreds digit of 51603440?
4
What is the billions digit of 4656872165?
4
What is the units digit of 170569508?
8
What is the millions digit of 2631250321?
1
What is the hundreds digit of 44607143?
1
What is the ten millions digit of 207075386?
0
What is the ten thousands digit of 653550892?
5
What is the hundreds digit of 404765998?
9
What is the hundred thousands digit of 357369505?
3
What is the tens digit of 74506131?
3
What is the ten millions digit of 1125100760?
2
What is the hundreds digit of 76682060?
0
What is the hundreds digit of 448226856?
8
What is the hundred thousands digit of 294162112?
1
What is the thousands digit of 118570823?
0
What is the billions digit of 2652500787?
2
What is the ten millions digit of 313845550?
1
What is the hundreds digit of 306037249?
2
What is the ten thousands digit of 8602538?
0
What is the tens digit of 158570042?
4
What is the millions digit of 1077658117?
7
What is the hundred thousands digit of 514749679?
7
What is the thousands digit of 3019028659?
8
What is the billions digit of 3739888334?
3
What is the thousands digit of 26916254?
6
What is the millions digit of 653644619?
3
What is the ten thousands digit of 173089469?
8
What is the millions digit of 4568127259?
8
What is the millions digit of 937399221?
7
What is the millions digit of 76741664?
6
What is the hundreds digit of 2091157668?
6
What is the millions digit of 19108388?
9
What is the hundreds digit of 17839734?
7
What is the millions digit of 838565766?
8
What is the thousands digit of 1000002269?
2
What is the ten thousands digit of 94164167?
6
What is the hundred millions digit of 100769140?
1
What is the hundreds digit of 1107796036?
0
What is the thousands digit of 61071947?
1
What is the ten millions digit of 424026908?
2
What is the ten millions digit of 233348823?
3
What is the hundreds digit of 555987165?
1
What is the millions digit of 2968068941?
8
What is the hundreds digit of 1275359025?
0
What is 